 516449
What are the prime factors of 1710421?
17, 100613
What are the prime factors of 2148759?
3, 271, 881
What are the prime factors of 9619074?
2, 3, 59377
What are the prime factors of 192906?
2, 3, 7, 1531
What are the prime factors of 4575800?
2, 5, 137, 167
What are the prime factors of 280573?
19, 14767
What are the prime factors of 4474166?
2, 41, 54563
List the prime factors of 12932.
2, 53, 61
List the prime factors of 221720.
2, 5, 23, 241
List the prime factors of 2346894.
2, 3, 11, 439
What are the prime factors of 236742?
2, 3, 11, 17, 211
What are the prime factors of 15519680?
2, 5, 11, 4409
List the prime factors of 546086.
2, 273043
List the prime factors of 245129.
245129
List the prime factors of 5882067.
3, 653563
List the prime factors of 7882143.
3, 2627381
What are the prime factors of 718678?
2, 29, 12391
What are the prime factors of 16415625?
3, 5, 17, 103
List the prime factors of 1190987.
7, 170141
List the prime factors of 576888.
2, 3, 13, 43
What are the prime factors of 2873992?
2, 11, 2969
What are the prime factors of 241337?
241337
List the prime factors of 1359246.
2, 3, 7, 32363
List the prime factors of 390653.
390653
List the prime factors of 834929.
563, 1483
What are the prime factors of 817321?
817321
What are the prime factors of 145800?
2, 3, 5
What are the prime factors of 357394?
2, 178697
What are the prime factors of 18007178?
2, 7, 1286227
What are the prime factors of 190418?
2, 19, 5011
What are the prime factors of 1080588?
2, 3, 17, 5297
List the prime factors of 93150.
2, 3, 5, 23
List the prime factors of 2565287.
167, 15361
What are the prime factors of 2573032?
2, 7, 11, 4177
What are the prime factors of 643026?
2, 3, 107171
What are the prime factors of 7902625?
5, 191, 331
List the prime factors of 189077.
7, 27011
What are the prime factors of 1671280?
2, 5, 13, 1607
What are the prime factors of 7604163?
3, 7, 43, 401
What are the prime factors of 9133890?
2, 3, 5, 251, 1213
What are the prime factors of 1491173?
131, 11383
What are the prime factors of 965486?
2, 482743
What are the prime factors of 164880?
2, 3, 5, 229
What are the prime factors of 8376893?
7, 170957
List the prime factors of 13694677.
1693, 8089
List the prime factors of 130500.
2, 3, 5, 29
List the prime factors of 1389808.
2, 7, 12409
List the prime factors of 4783108.
2, 11, 108707
What are the prime factors of 6038532?
2, 3, 59, 2843
List the prime factors of 1131066.
2, 3, 31, 2027
List the prime factors of 347197.
347197
List the prime factors of 288642.
2, 3, 73, 659
List the prime factors of 9816397.
9816397
List the prime factors of 17645636.
2, 4411409
List the prime factors of 33854.
2, 16927
What are the prime factors of 733671?
3, 29, 937
What are the prime factors of 607414?
2, 31, 97, 101
List the prime factors of 4509914.
2, 211, 10687
What are the prime factors of 12456129?
3, 7, 593149
What are the prime factors of 2893663?
67, 43189
List the prime factors of 5792179.
5792179
What are the prime factors of 16361?
16361
List the prime factors of 218794.
2, 109397
List the prime factors of 253546.
2, 331, 383
List the prime factors of 23715701.
337, 70373
What are the prime factors of 4195724?
2, 13, 80687
List the prime factors of 2111615.
5, 11, 38393
What are the prime factors of 4328577?
3, 11, 23, 1901
What are the prime factors of 1053550?
2, 5, 19, 1109
What are the prime factors of 27128?
2, 3391
What are the prime factors of 174276?
2, 3, 47, 103
What are the prime factors of 5160156?
2, 3, 430013
What are the prime factors of 382400?
2, 5, 239
List the prime factors of 2661765.
3, 5, 29, 211
What are the prime factors of 1238368?
2, 38699
What are the prime factors of 1065142?
2, 13, 71, 577
What are the prime factors of 185299?
185299
What are the prime factors of 39603?
3, 43, 307
What are the prime factors of 49344?
2, 3, 257
What are the prime factors of 3363607?
13, 1531
List the prime factors of 4170973.
37, 139, 811
List the prime factors of 3981540.
2, 3, 5, 66359
List the prime factors of 27205688.
2, 23, 199, 743
What are the prime factors of 600057?
3, 61, 1093
What are the prime factors of 141692?
2, 35423
List the prime factors of 1819175.
5, 72767
What are the prime factors of 25946259?
3, 89, 97177
What are the prime factors of 671175?
3, 5, 19, 157
List the prime factors of 2644429.
2644429
List the prime factors of 16145796.
2, 3, 1093, 1231
What are the prime factors of 336081?
3, 29, 3863
What are the prime factors of 10784359?
167, 64577
List the prime factors of 23051901.
3, 7683967
List the prime factors of 279819.
3, 31091
List the prime factors of 3457443.
3, 11, 17, 6163
List the prime factors of 2595462.
2, 3, 432577
List the prime factors of 195397.
37, 5281
List the prime factors of 219141.
3, 13, 1873
What are the prime factors of 183601?
11, 16691
List the prime factors of 281181.
3, 19, 4933
What are the prime factors of 28073631?
3, 31, 301867
What are the prime factors of 459247?
101, 4547
List the prime factors of 7329174.
2, 3, 19, 239, 269
List the prime factors of 877860.
2, 3, 5, 4877
What are the prime factors of 252938?
2, 7, 29, 89
List the prime factors of 10604221.
10604221
What are the prime factors of 18549?
3, 229
What are the prime factors of 432157?
11, 17, 2311
What are the prime factors of 1430834?
2, 715417
What are the prime factors of 16451360?
2, 5, 229, 449
List the prime factors of 34208869.
179, 223, 857
What are the prime factors of 1681316?
2, 7, 13, 31, 149
What are the prime factors of 389948?
2, 13, 7499
What are the prime factors of 714912?
2, 3, 11, 677
What are the prime factors of 38679912?
2, 3, 537221
List the prime factors of 26087866.
2, 7, 839, 2221
What are the prime factors of 7008241?
127, 139, 397
List the prime factors of 8292632.
2, 1036579
What are the prime factors of 255423?
3, 7, 12163
List the prime factors of 33570.
2, 3, 5, 373
What are the prime factors of 1340438?
2, 11, 29, 191
List the prime factors of 4940104.
2, 13, 47501
What are the prime factors of 6778768?
2, 431, 983
List the prime factors of 1491925.
5, 83, 719
List the prime factors of 4213589.
4213589
What are the prime factors of 6824576?
2, 11, 37, 131
What are the prime factors of 3178542?
2, 3, 107, 4951
List the prime factors of 13688087.
7, 29, 67429
List the prime factors of 1283009.
7, 13, 23, 613
List the prime factors of 176445.
3, 5, 1307
List the prime factors of 12967680.
2, 3, 5, 11, 307
List the prime factors of 8445259.
8445259
List the prime factors of 53533.
17, 47, 67
What are the prime factors of 168339?
3, 56113
What are the prime factors of 1317378?
2, 3, 89, 2467
What are the prime factors of 418137?
3, 37, 3767
List the prime factors of 1087814.
2, 7, 13, 43, 139
What are the prime factors of 295377?
3, 98459
What are the prime factors of 565813?
565813
What are the prime factors of 1486584?
2, 3, 11, 1877
List the prime factors of 17569167.
3, 7, 11, 19, 4003
What are the prime factors of 240796?
2, 37, 1627
What are the prime factors of 8445949?
8445949
List the prime factors of 569655.
3, 5, 12659
What are the prime factors of 602623?
7, 19, 23, 197
List the prime factors of 1777245.
3, 5, 109, 1087
What are the prime factors of 2415321?
3, 167, 1607
List the prime factors of 15045366.
2, 3, 7, 358223
What are the prime factors of 1244593?
7, 29, 6131
What are the prime factors of 60780?
2, 3, 5, 1013
What are the prime factors of 5622349?
5622349
List the prime factors of 91794.
2, 3, 15299
What are the prime factors of 662143?
662143
What are the prime factors of 23884430?
2, 5, 2388443
List the prime factors of 4964893.
4964893
List the prime factors of 21078889.
13, 47, 34499
List the prime factors of 11112685.
5, 2222537
What are the prime factors of 2006913?
3, 19, 137, 257
What are the prime factors of 2134350?
2, 3, 5, 17, 31
List the prime factors of 599229.
3, 139, 479
List the prime factors of 12091803.
3, 349, 11549
List the prime factors of 60873.
3, 103, 197
What are the prime factors of 11506656?
2, 3, 7, 17123
What are the prime factors of 378610?
2, 5, 37861
List the prime factors of 7333789.
7333789
What are the prime factors of 1918?
2, 7, 137
What are the prime factors of 7006886?
2, 937,